*v**2 + 4. Let j(b) = 6*f(b) - i(b). Calculate j(z).
4
Suppose 0*y - 3 = -3*y. Let c(a) = y + 0 - 2*a - 8 + 3*a. Calculate c(6).
-1
Let i(m) = 3 - 5 + 0*m - m. Give i(-7).
5
Let b(d) = -8*d + 1 - 7 + 5*d. Calculate b(-5).
9
Let p(w) = 2*w**2 - 4*w - 1. Let l(n) = -n. Let k be l(-11). Suppose -k = -2*q - 0*q + 5*v, 3*q = v + 10. What is p(q)?
5
Let k(o) = -4*o**2 + o + 1. Let f be 1/(2/(-3 + 1)). Let h be k(f). Let t(u) = u**3 + 3*u**2 - 5*u - 5. Calculate t(h).
-1
Let i(n) be the third derivative of -n**5/30 - n**4/8 - 2*n**3/3 + 3*n**2. Let q(a) be the first derivative of i(a). What is q(-2)?
5
Let p(d) be the second derivative of d**3/6 + 11*d**2/2 + d. Let t(m) = 3*m + 2*m + m + 7 - 7*m. Let w be t(7). Determine p(w).
11
Let i(r) = r**3 + 5*r**2 - 1 - 5*r**2 + 0*r - 2*r**2 - 4*r. Suppose -2*o - 2 = 2*j, -5*j = 4*o - 6*j - 16. What is i(o)?
-4
Let r(o) = -4*o**2 - 6*o - 8 + 9 + 4 + o**3. What is r(5)?
0
Let v be 6/(-15) + 42/5. Suppose f = 3*f - v. Let m(j) = -j + 1. Let t(b) = 5*b - 3. Let r(x) = 4*m(x) + t(x). Calculate r(f).
5
Let v(m) be the third derivative of m**6/60 + m**5/30 + m**4/24 - m**3/3 - 7*m**2. Give v(-2).
-12
Let b(z) = -28*z - 28*z + 55*z + 1. Give b(3).
-2
Suppose 0 = 4*f - 2*c - 12, 4*f - 3*c = 2*c + 18. Let v(j) = -2*j**3 + j**3 + 2*j**3 - 5*j + 3 + 4*j**f. Let u = -18 + 13. Give v(u).
3
Let s(f) = -f**3 + 5*f**2 - 2*f + 7. Let m(q) = -q**3 + 5*q**2 - 3*q - 4. Suppose 5*d - 15 = -0*d. Let u be m(d). Determine s(u).
-3
Let i(d) = -2*d**2 + 1. Suppose 4*p = p + 18. Suppose 0 = -k - 2*k - p. Calculate i(k).
-7
Let a(j) = -j**3 + 4*j**2 + 3*j - 4. Suppose 5*z - c = z + 19, 0 = -3*z + 5*c + 27. Give a(z).
8
Let a(c) be the second derivative of c**5/20 - c**4/4 + c**3/6 + c**2 + 28*c. Give a(2).
0
Let u be (-2)/(-9) - (-672)/(-108). Let r(q) = q**2 + 6*q - 3. What is r(u)?
-3
Let m(x) = x**3 - 9*x**2 + 2*x - 9. Let o be m(9). Let r be 2 - 0 - (o + -11). Let a(h) = -5*h + r - 3 + 4*h. What is a(2)?
-1
Suppose 0 = -4*a + 8. Let f = 1 + a. Let w(n) = -2 + n + 4 - f. What is w(-4)?
-5
Let b(c) be the first derivative of -c**3/3 + 2*c**2 - 3*c - 11. Determine b(4).
-3
Suppose -g - 1 = -3. Let z(f) be the third derivative of -f**6/120 + f**5/12 - f**3/3 + 4*f**2. Give z(g).
10
Let g(s) = s**2 + 4*s + 0 + 3 - 2*s. Suppose 3*n = -3 - 3. Calculate g(n).
3
Let z(a) = -2*a + 2. Let q be z(-2). Let w(d) = -2*d - q + d + 2. Determine w(-4).
0
Let a(w) = -5*w**3 - 7*w**2 - 2*w - 2. Let o(k) = -k**3 + k - 1. Let i(d) = a(d) - 4*o(d). Let j(p) = -p**3 - 2*p**2 + 5*p. Let b be j(2). Give i(b).
2
Suppose 3*m + 5*b - 10 - 3 = 0, 3*b = -4*m + 10. Let u(o) = -9*o**3 - o**2 + o. Give u(m).
-9
Suppose 0 = 3*t - 7*t. Suppose t*c = -5*c + 10. Let f(m) = -m**2 - 5*m - 7. Let w(u) = -u**2 - 4*u - 6. Let o(q) = 4*f(q) - 5*w(q). Determine o(c).
6
Let b(l) = 4*l**2 + 2. Let h(c) = -3*c**2 - 2. Let v(d) = -2*b(d) - 3*h(d). Let p be v(0). Let n(r) = -4*r - 1. Give n(p).
-9
Suppose -2*i = i + 3. Let x(s) = -4*s**2 - 6*s - 7. Let a(w) = -8*w**2 - 11*w - 13. Let y(p) = 6*a(p) - 11*x(p). What is y(i)?
-5
Let y(u) = -u**2 - u - 1. Let j(z) = 11*z**2 - 3*z - 1. Let x(p) = -j(p) + 2*y(p). Determine x(1).
-13
Let o(a) be the first derivative of 11*a**4/4 + a**3 + 11*a**2/2 + 8*a - 1. Let r(c) = -7*c**3 - 2*c**2 - 7*c - 5. Let q(b) = -5*o(b) - 8*r(b). Calculate q(0).
0
Let x(m) = -9*m + 25*m - 12*m + 4. Calculate x(4).
20
Let s(h) = 5*h - 3 - h - h. Let r = 0 + 0. Suppose a - 3 = -r*a. Give s(a).
6
Let o(a) = -a**2 - 7*a - 2. Let k = 7 - 13. Give o(k).
4
Let c(p) = -11*p + 3 - 3. Let m(f) = -3*f + 6. Let w be m(6). Let s = w + 11. What is c(s)?
11
Let y = 7/8 - 5/6. Let h(z) be the third derivative of 0*z + y*z**4 - 1/2*z**3 + 4*z**2 + 0. Give h(3).
0
Let u(k) = 11*k**2 + 25*k - 9. Let j(f) = 5*f**2 + 12*f - 4. Let d(y) = 13*j(y) - 6*u(y). Suppose 0 = 5*t - 3*t - 8. Suppose -6 - t = -2*q. What is d(q)?
7
Suppose 3*g = 1 + 8. Let w be (-5)/(-2) + (-4)/8. Let q(i) = -2*i**g + 2*i**2 - w + 5 - 1. Calculate q(2).
-6
Let b(s) = -s**2 + 5*s + 4. Suppose 3*t - 6 = 6. Give b(t).
8
Let j(m) = 4 - 4 - 2*m + 6 - 3*m**2 + 5. Let d(p) = -p**2 - p + 4. Let c = 10 + 7. Let i(h) = c*d(h) - 6*j(h). Give i(2).
-4
Let y(n) = 3*n**3 - n**2 + 2*n + 2. Let h be y(-1). Let q(f) = f**3 + 4*f**2 + f - 2. Determine q(h).
-6
Let n(t) = t - 8*t**2 - 5 + 19*t**2 - 10*t**2. Calculate n(4).
15
Let f = -1 - 0. Let r(p) = -2*p + 1. Give r(f).
3
Let t = -6 - -16. Suppose n + 2*n + 11 = 2*z, -t = 3*n - z. Let j(r) = -r**3 - 3*r**2 - r + 1. Determine j(n).
4
Let f(k) = -k**3 - 3*k**2 + 2*k - 4. Let u = 6 + 4. Suppose -9*s = -u*s - 3. What is f(s)?
-10
Let t(b) = -2*b**2 + 6*b - 8. Let d(x) = x**2 - x + 1. Let m(y) = -3*d(y) - t(y). Calculate m(-5).
-5
Let d be 10/(-14) + (-8)/28. Let t(h) = h. What is t(d)?
-1
Let s be (5/10)/((-2)/(-8)). Let v(d) = 2*d**2 - 2*d + 3. Determine v(s).
7
Let y(w) = -2 + 3*w - 4 + 0*w**3 - w**3 + 0*w**2 - 4*w**2. What is y(-5)?
4
Let d = -2 + 4. Let n(j) = 3*j + j**3 + 0*j - 4*j**2 - 13 + 14 - d*j. Give n(4).
5
Suppose -4*v + 7*p - 3*p - 28 = 0, 3*v + 5*p + 29 = 0. Let j(g) = -g**2 - 10*g - 10. Let b be j(v). Let o(c) = -c + 4. Give o(b).
-2
Let q(i) = -6 - 3 - i + 3 - i**2. Suppose 0*f + 6 = 3*f. Suppose f*u = 4*m - 16, 6*u - 3*u - m = -4. What is q(u)?
-6
Let i(y) be the third derivative of y**5/30 - 7*y**4/24 + y**3 - 7*y**2. What is i(4)?
10
Suppose 2 = -5*d + 27. Let x(o) = -o**2 + o - 5. Let t(u) = -u**2 + 2*u - 5. Let j(f) = d*x(f) - 6*t(f). What is j(4)?
-7
Let u = -43 - -44. Let f(j) = -10*j + 1. Calculate f(u).
-9
Suppose 5*s + 2*k - 12 = k, 0 = -5*s + 5*k. Let r(u) = u + 9. Let h(q) = q + 4. Let n(y) = s*r(y) - 5*h(y). What is n(-3)?
7
Let j(b) = b**3 + b**2 + b + 3. Let f(m) = -m**2 + 5*m - 4. Let c = 10 - 6. Let d be f(c). Determine j(d).
3
Let o(m) = -m**2 - m - 1. Let z(w) = -w**2 - 3*w. Let r(y) = -y**2 + 10*y - 7. Let p be r(9). Let a(v) = p*o(v) - z(v). Give a(2).
-4
Let k(j) be the second derivative of j**3/6 - 4*j**2 + 2*j. Let s be k(5). Let q(p) = -p - 6. Calculate q(s).
-3
Let b(o) = -o**2 + 2*o + 3. Let l be (-2)/7 - 23/(-7). Let p be b(l). Let h(r) be the second derivative of -r**3/6 + 5*r**2 + r. Give h(p).
10
Suppose 0 = l - 4*b + 5*b - 6, -9 = -5*l + 2*b. Let r(v) = -2*v**2 + 2*v - 4. Give r(l).
-16
Let p(u) = -u + 1. Let q(n) = -2*n + 6. Let k(j) = 3*p(j) - q(j). Give k(-5).
2
Let r(t) = -t**3 - t**2 + t - 3. Let l(b) = -2*b + 1. Let n be l(-6). Let q = n + 2. Suppose 4*g = -0*g - 3*f - q, -2*g - 25 = 5*f. Give r(g).
-3
Let c(p) = 16*p + 19*p + 1 - 34*p. Give c(-7).
-6
Let m(p) = 18*p - 7*p - 7*p - 1. Calculate m(1).
3
Let n(i) = i**2 - 7*i - 6. Let s be n(6). Let h be 161/(-28) + 3/s. Let q(r) = r**2 + 6*r - 7. Determine q(h).
-7
Let u be 10*(-1 - (-15)/6). Let k = u - 20. Let m(n) be the third derivative of n**6/120 + n**5/10 + n**4/6 - n**3/3 - n**2. Determine m(k).
3
Suppose 13*r - 85 - 32 = 0. Let g(o) = -o**2 + 11*o - 13. Determine g(r).
5
Let l(y) = 3 - 1 - 2 - 4*y. Let q(s) = 2*s**2 - 2*s + 1. Let m be q(1). Let p(d) = 3*d**2 - 1. Let v be p(m). Give l(v).
-8
Let b(x) be the second derivative of -x**3/6 - x**2/2 - x. Suppose -o = 3*o - 44. Suppose -o = 2*n - 3. Calculate b(n).
3
Let r(b) be the second derivative of -b**4/6 + b**2/2 + 11*b. What is r(-1)?
-1
Let j = -212 + 217. Let n(m) be the second derivative of -m**5/20 + m**4/2 - 2*m**3/3 - 3*m**2 - m. What is n(j)?
-1
Let o(k) = k**2 + 3*k + 15. Let x(c) = -c - 1. Let y(s) = o(s) + 3*x(s). Give y(0).
12
Let i(a) = a**3 - 14*a**2 + a - 19. Let n be i(14). Let d(j) = -j**2 + 2 + 5 - 6 - 7*j. Give d(n).
11
Let l(h) = -2*h**2 - 3*h. Let o(q) = -q**3 - 2*q**2 + 4*q + 2. Let u be o(-3). Let f = 0 - 1. Let j = u + f. Give l(j).
-2
Let v(z) = -z**3 - 6*z**2 - 5*z + 5. Let x(c) = -c**2 + 5*c - 4. Let n be x(4). Suppose t + 22 = -6*b + 2*b, n = 3*b + 5*t + 25. Let h = 0 + b. Calculate v(h).
5
Let t(r) be the third derivative of 0*r**3 - 4*r**2 + 1/24*r**4 + 0*r + 0 + 2/15*r**5. What is t(-1)?
7
Let z(l) = -5*l**3 - 8*l**2 + 3*l - 6. Let j(r) = -12*r**3 + 5*r**3 + 8*r - 7*r**3 - 17 - 23*r**2. Let g(f) = -4*j(f) + 11*z(f). Determine g(-4).
-2
Let b(r) be the third derivative of -r**5/60 - r**4/12 + 2*r**3/3 - r**2. Suppose 2*d + g - 1 = 0, 3*d = -5*g - 18 + 2. Calculate b(d).
-11
Let u(z)